 - 3)) + -2 + 5?
-23
-86 + 82 - (-10 + 5 + 1) - 11
-11
Evaluate 17 - (22 + -18 + -21) - -9.
43
Evaluate (2 - (-1 + 83)) + 7324 + -7292.
-48
What is the value of -40 - 42 - (-137 + 61)?
-6
Calculate 30 + (-23 + (-16 - -41) - (-3 + 0)).
35
Calculate (-13 - -6) + ((-25 - -10) + 8 - -8).
-6
What is (-1367 - -1388) + (-25 - 0)?
-4
9 + 29 + 57 + -47
48
-1541 + 1541 + (5 - (-4 - 84))
93
Calculate (-21 - -19) + -7 + -12 + (65 - -1).
45
Calculate -14 - -28 - -13 - (-346 - -379).
-6
Calculate (28 - -1) + (2896 - 2904).
21
What is (6023 - 6039) + (2 - (-2 + -7 + 1)) + -47?
-53
What is the value of 68 + -38 + -113 - (2 + 37)?
-122
What is the value of -3 + -4 + 47 + 5 + 21 + -27?
39
0 + -2 + 22 - (-2 - -2 - (-66 + 66))
20
Evaluate 10 + (-47 - -25) + 26 - (109 - 1).
-94
What is (-16 + 25 - (7 + -6)) + (-17 - 17)?
-26
Evaluate 145 + -1035 + 988 + (-1 - -22).
119
What is the value of -28 + 102 + (-23 - -5 - -26)?
82
Evaluate (0 - -8) + (-58 + 57 - (1 + -9)).
15
Evaluate -6 + 1 + (0 + 1 + -2 - (-7 - 4)).
5
What is (-9 - (0 + (-10 - 4))) + (-10 + -51 - -8)?
-48
Evaluate (-13 - -2) + -2 + -13 + -34 + -31.
-91
What is -3 - (5 - (3 + 10 - (-16 + 8))) - 6?
7
What is (66 - -6) + -31 - 105?
-64
Evaluate 28 + 4 + (59 - 7) - -16.
100
Calculate 4 + -30 - -65 - 23.
16
Evaluate 3 - (0 + 1 + 6 - (6 + 1 + 2)).
5
What is 112 + (-109 - -102) + -103?
2
What is the value of 54 - (-2 + -4 + -232 + 258)?
34
What is the value of -146 + 75 + -23 - (2 - 36)?
-60
What is the value of (3 - -2 - 1) + 346 + -346?
4
-80 + -9 + 609 + -532
-12
What is (61 - 53) + (-15 - -36)?
29
(-3 - 4) + -13 + -3 + -180 + 70
-133
-2 + 17 + -12 + (11 - 3) + 19
30
(-161 - -122) + 9 + 22
-8
Calculate 41 - 33 - (-27 - (-1 - -4)) - (-9 - -4).
43
Evaluate -2768 + 2740 - (1 - 4).
-25
What is the value of (-37 - -67) + (28 - (1 - -6)) + -8?
43
21 + -47 - -20 - (-91 + -6 + -4 + 6)
89
(-53 - 3) + ((181 - 177) + (-1 - -17) - 13)
-49
What is (-32 + 6 - -26) + -6 + -2 + 28 + 1?
21
Calculate 0 + -43 + 15 + (-7 - (34 - 29)).
-40
What is -117 + (62 - 14) + -44 + 0 + 6 + 0?
-107
What is the value of 0 - 2 - 37 - (-68 - (42 - 107))?
-36
What is the value of -7 + (0 - 4 - 2) - (-15 + 11)?
-9
What is 34 - ((-49 - (-36 - -8)) + 54)?
1
Evaluate -67 - (-87 + 64 - 9).
-35
What is the value of -9 - ((-54 - -12) + 14 + -4)?
23
Calculate (16 - 12) + (-4 - -4 - (-5 + -3)).
12
What is 5 + (1 + -18 - (3 - 5) - 8)?
-18
Evaluate -4 - 1 - (-63 - (50 - 46)) - 4.
58
Evaluate (-17 - -2) + -1662 + 1712.
35
What is the value of (-362 - -374) + (-1 - (-1 - 2) - 50)?
-36
What is 0 - (-22 - (54 - 66) - (-25 - 0))?
-15
What is (-144 - -58) + (-4 - (3 - 26)) - (-6 - -7)?
-68
What is the value of -89 + 3 + -222 + 127 + 86?
-95
Evaluate -23 - (150 + 66 + -111).
-128
Evaluate -49 + 40 - (67 + -174).
98
-2 - (21 + -19 - (7 - 1)) - 21
-19
Calculate (2 + 21 - (-52 - -107)) + -27.
-59
What is -109 - (-126 + 89 + 44)?
-116
What is the value of 88 + -175 + 78 + (1 + -3 - 4) + 2?
-13
What is 13 - (7 - -3) - ((-7 - -55 - 5) + -10)?
-30
Calculate 107 - (73 + (42 - 8)).
0
Evaluate -1 + -7 + (7 + -5 - (36 - (16 - -1))).
-25
Evaluate (-94 - (-200 - -100)) + -7.
-1
Evaluate -246 + 310 - (48 + -12).
28
What is the value of (-19 + (0 - -25) - 21) + -2?
-17
What is the value of 182 + -51 + -13 + -6 - 37?
75
What is -1 + -20 + (585 - 530)?
34
-68 - (110 - 65 - 52)
-61
What is the value of (1883 - 1921) + (168 - 1) + 4?
133
Evaluate 681 - 670 - (-1 - -42).
-30
19 - (-18 - (-30 - (18 + -29)) - -49)
-31
Evaluate 3 - (-33 - (-54 - -57)).
39
Evaluate (-1 - (-11 + (10 - -2) + -1)) + -6 - -46.
39
What is -14 + (22 - 5 - (-8 + 16)) - (59 - -1)?
-65
What is 34 - ((-3 - 35) + 46)?
26
What is 0 + 94 - (5592 - 5377)?
-121
-5031 + 5014 - (-53 + (4 - (2 - 0)))
34
-1 + 8 + (34 - (-8 - -35)) - 41
-27
What is the value of 47 - 55 - -54 - 51?
-5
What is -1 + -22 + (99 - -22 - 196)?
-98
What is the value of 60 - -4 - 87 - (-2 + (-3 + 3 - 5))?
-16
-1912 + 2018 - (64 - 0)
42
What is 37 + -34 + 28 + -48 + 22?
5
-1 + -68 + 8 + -3 - (-30 - -19)
-53
Calculate (-23 - -1) + (102 - 88) + (-13 - -5).
-16
What is 23 - (16 + 25 + (-26 - -41))?
-33
What is -3 - 2 - (-29 + (5 - -3) + -11)?
27
Calculate 22 - (-25 + (8 - -35) + -23).
27
Calculate (-2 - -1) + -9 + (-66 + 143 - 38).
29
What is the value of (-45 - -68) + -1 + 18 + -40?
0
What is 3 - (-14 - -18 - 7 - (3 + 39) - 7)?
55
7 - 27 - ((35 - 10) + -12)
-33
-899 - -940 - (-7 + -1 + -3 + 2)
50
Calculate -8 + (154 - 139 - (14 - 3)).
-4
What is the value of -81 + 1 + (5 - 28) + (77 - 47)?
-73
Calculate -71 + -58 + 11 + 84.
-34
What is -24 - (-88 - (-29 + 8 - 4))?
39
-18 + (13 - (-3 + 4) - 3) - 3
-12
Calculate 12 + 3 + -6 + 0 + (-35 + 2 - -35).
11
Calculate (140 - 93 - -16) + -75.
-12
(-92 - 4) + -2343 + 2345
-94
What is 5 + (3 - -16) - (-8 - (20 + -29))?
23
Evaluate (18 - 13) + 21 - (1 - 3) - 2.
26
-32 - (1 + -60 + (-17 - 10))
54
174 + -160 + 1 + -4 + -54
-43
What is (1 + 11 - 36 - (29 - 55)) + -79?
-77
What is -12 + -2 + ((-34 - -31) + -9 - 11)?
-37
What is the value of 664 + -644 - (1 + -7)?
26
Evaluate (4 - (-5 - -6)) + (31 - 2) - (-71 + 63).
40
18 + -4 + -44 - -2
-28
What is 2842 + -2832 + (0 - 49)?
-39
Calculate -9 + -6 + -3 - (2 + (-1 - -1) + -13).
-7
What is 3 + -80 + (-102 - (41 - 129))?
-91
Calculate -30 - (47 + -45 + -86 - -14).
40
What is -52 - (-10 + 30 + -3 - (5 + 11 - 4))?
-57
What is the value of (0 + -7 - 4) + (12 + -13 - -6) - -39?
33
What is the value of -57 - (26 - (182 + -69))?
30
What is 25 + (0 - (8 - 18 - -10 - 1))?
26
What is the value of (-1 - (15 - (-30 + 48))) + 95?
97
What is the value of 5 + (-35 - -63 - 35)?
-2
7 - ((-21 + -86 - (1 + -19 - -5)) + 13)
88
What is 7 - (19 - (-7 + 13 + -8)) - -10?
-4
Evaluate (0 - -47) + -45 + 11 + (27 - 1).
39
What is -15 + 2 - ((-98 - -49) + 29 + 17)?
-10
12 + 27 - ((-409 - -416) + (-1 - (2 + 6)))
41
What is the value of 19 + (35 + -57 + 5 - -73)?
75
(-1 - 12 - -2) + 14 + 103 + 9
115
What is 33 - (66 + (-193 - -101))?
59
What is the value of -4 + (2 - 6) - ((16 - -1) + -1)?
-24
Calculate -12 + (2 + 20 - (-6 + 18)) - (1 + -7).
4
Evaluate 3593 - 3554 - (1 + 94).
-56
36 + (0 - (7 - (-4 + -21)))
4
408 + -409 - (-19 + -3 - -3)
18
1 + 14 + 26 + (1 - -15) + -38
19
Evaluate 24 + 39 - 59 - (0 + -3).
7
Calculate 44 - (0 - -1 - (-1794 - -1805)).
54
What is -25 + -25 + (45 - 18)?
-23
-2 + 50 + (-557 - -515)
6
-116 - ((12 - 17) + -21 + -2)
-88
Evaluate (11 + (4 - 9) - 1) + (44 - -7).
56
Calculate (-41 - -46) + 3 + (17 - 9).
16
Evaluate (-2 - -4) + 1 + -170 + 166 + 3.
2
What is 391 + -406 + (1 - -53)?
39
Calculate 99 + (-3 - -1) + (-234 - -199).
62
(-53 - -11) + -2 + (-28 - -35) + -21
-58
-163 - -113 - (14 - 21)
-43
Calculate -7 - (11 + 5 + -8 + 15 - -8).
-38
(13 + 3 + -28 + -34 - 11) + -13
-70
Evaluate (7 - (-12 + (9 - -3) + -83)) + -10.
80
11 + -10 + -3 + (8 - (-7 - -28))
-15
What is the value of 18 + -21 + 11 + 30 + 17?
55
What is 7 + (-4 - 5) + (-87 - -82)?
-7
Calculate 3 + -1 - ((-11 - (6 + -17)) + 3).
-1
Evaluate (-3 - 58) + (15 - 35) + 3 + -6 + 17.
-67
Evaluate (-16 - 1) + 66 + (71 - 97).
23
What is the value of (747 - 751) + (-15 + 3 - 2) + -64?
-82
What is 14 - (-25 - (-5 + 3 - 8))?
29
Evaluate 5825 - 5801 - (0 + -41).
65
What is 19 - (5 + -21 + -2 - -44)?
-7
Calculate 13 + 35 + 27 + -17 + 7 - 2.
63
Evaluate -2 + (1716 - 1695) + (2 + -4 - 2).
15
Evaluate -20 + (-19 - (3 + -53)).
11
12 + -26 + -39 + -15 + 27 + -3
-44
Calculate 67 + -48 + -51 + 53.
21
Evaluate 45 + 67 + -48 + -93.
-29
14 + 5 + -6 + (14 - 19) + (-64 - 1)
-57
What is the value of -2 + 4 - (-3 - (-13 - (-39 - 36)))?
67
25 + (-27 - -2) + -7 + -68 - -15
-60
12 + -3 - ((-7 - -3) + (-7 - (26 + -13)))
33
What is -40 + 9 + 34 + -30 + (3 - 28)?
-52
What is (-828 + 803 - (-2 + -2 - 1)) + 8?
-12
Evaluate (-4 - (13 + -3 + -8 + 5 + 2)) + -119.
-132
What is -16 - ((-48 - -18 - -44) + (45 - -4))?
-79
((24 - -20) + -43 - (-22 + (-1 - -3))) + 10
31
What is the value of -48 - (55 - 57 - -21)?
-67
What is the value of -10 + (-3 - -127) + -4 + (-24 - -9)?
95
(14 + -10 - (-1 - 7)) + (262 - 257)
17
Evaluate 15 + -8 + -5 + 10 - (1 + 13) - 51.
-53
What is 0 + -1 + 25 + 1 + -50 + 16?
-9
Evaluate -38 + (-17 - -24 - 4) + -8 + 6.
-37
Calculate ((-26 - 5) + 45 - 99) + 23.
-62
What is the value of -27 - (26 - (110 + -50))?
7
Evaluate -8 + (16 - ((-199 +